e of -5/2*u**2 - 3 + 0*u + t*u**3. What is n(4)?
-4
Let w = 5 - 4. Let y(t) = -4*t**2 + t - 1. Calculate y(w).
-4
Let r(v) be the first derivative of -v**3/3 - 7*v**2/2 - 7*v - 9. Determine r(-5).
3
Let d(f) = -2*f**3 - f**2 - f. Let h(o) = -2*o + 2. Let j be h(-9). Let s be 4/j - (-6)/(-5). What is d(s)?
2
Suppose 2*q + 3*q - 25 = -5*z, 0 = -q + z + 1. Let y = -2 - -3. Let c(s) = -y + 0 - s**2 + 3 + s. Determine c(q).
-4
Let p(j) = j - 1. Let x be p(5). Let l(f) = f + 1. What is l(x)?
5
Suppose -17 = -g + 2*y - 7, -4*g + 5*y + 28 = 0. Suppose -g*c + 24 = 6. Let x(m) = c*m - m**2 - 2 - 5 - m - 2*m. Determine x(5).
-2
Let p(j) be the second derivative of j**3/3 + j**2 - 105*j. Suppose -x + 0*x = -2. Calculate p(x).
6
Suppose 0 = 4*v + 4*b - 40, -2*v = -3*v - 5*b + 26. Let d = 0 - v. Let s(j) = j**2 + 8*j + 7. Determine s(d).
-5
Let g = 55 - 62. Let i(x) = -x**2 - 9*x - 5. What is i(g)?
9
Let x(n) be the third derivative of n**6/360 + n**5/120 + n**4/12 + n**3/6 - n**2. Let s(j) be the first derivative of x(j). Give s(-2).
4
Let p(x) be the second derivative of x**5/20 + x**4/4 - x**3 - 3*x**2/2 + 5*x. Give p(-4).
5
Suppose 3*v - 5 = 4. Let m(a) = 4 + 0*a**3 - a**v + 0*a + a + 2*a + 4*a**2. What is m(5)?
-6
Let g(a) = a**3 + 10*a**2 - 11*a + 6. Suppose -44 = -7*v + 11*v. Give g(v).
6
Let h(q) be the third derivative of q**6/120 - q**5/30 - q**4/4 + 2*q**3/3 + 19*q**2. Give h(4).
12
Suppose 5*k - 9 = -p + 6, 5*p + 29 = k. Let i(w) = w**2 + 5*w + 5. Determine i(p).
5
Suppose 0 = -5*g + 61 - 86. Let n(j) = -j**2 - 4*j - 3. What is n(g)?
-8
Let d be (-1)/(-2) - 9/(-2). Let g(k) = 0 + k - k**2 + 0 - d - 7*k. Determine g(-4).
3
Let n(g) = -g - 1. Let w be n(-1). Suppose -2*i + 5*q = -5, 0*i - 22 = -5*i + 3*q. Let s(o) = 5 + i*o - 5*o + o. Calculate s(w).
5
Let n(q) be the second derivative of q**5/10 + q**4/3 + q**3/2 + 3*q. Calculate n(-2).
-6
Let j(z) be the first derivative of 16*z**3/3 + z**2 - z - 4. Calculate j(1).
17
Let q(d) = -3*d**2 + 1. Let x be 1/2*-1*-6. Let j(v) = 0*v - 2*v - 2 + x*v. Let o be j(0). Give q(o).
-11
Let k be ((-2)/(-3)*2)/(1/3). Let y(b) = -b**2 + b. Determine y(k).
-12
Suppose 3*y + 8 = 32. Let p(l) = -6*l + l + 0*l - l**2 + y. Calculate p(-6).
2
Suppose 0 = -5*t - 1 - 9. Let k = t - -5. Suppose -2*q + 4 = -k*q. Let m(u) = -u**2 - 2*u + 2. Calculate m(q).
-6
Let t(v) = v - 1 - 2*v + 2*v. Let j(i) be the third derivative of i**4/12 + i**3/6 + 2*i**2. Let f be j(-1). Calculate t(f).
-2
Let g = 2 - 3. Let y(j) = -7*j**3 + j**3 - 1 - 2*j + 7*j**3. Give y(g).
0
Let f(t) = 8*t + 1. Let r(p) = 31*p + 5. Let d(b) = -9*f(b) + 2*r(b). What is d(1)?
-9
Let s(c) = 6*c**3 - c**2 + c. Suppose -9*v = -13*v + 72. Let g = v + -17. Give s(g).
6
Let c(f) = 2*f - 1. Let r(o) = 3*o - 2. Let l(n) = -5*c(n) + 3*r(n). Suppose 3*a - 9 - 6 = 0, 0 = -4*k - 5*a + 105. Suppose 5*b - k = -0. Calculate l(b).
-5
Suppose z - 5*x = 0, z + 5*x = -13 + 3. Let v(k) = k**2 + 5*k. Calculate v(z).
0
Let u(i) = i**3 - 3*i + 3. Suppose 2*f + 3*f - 10 = 0. Calculate u(f).
5
Let k(m) = m. Let z(b) = -2*b**3 - 3*b - 2. Let l be z(-2). Let a be (45/l)/(6/(-16)). Calculate k(a).
-6
Let v(c) = 3*c - 2. Let d(g) be the second derivative of g**5/60 - g**3/3 + g**2/2 - g. Let h(j) be the first derivative of d(j). Let k be h(2). Determine v(k).
4
Let c(o) = 3*o - 3. Let p(h) = -7*h + 6. Let y(n) = 5*c(n) + 2*p(n). Give y(7).
4
Let q(b) = b**2 - 9*b - 12. Suppose 0 = 4*j + 3*g - 31, -27 = 3*j - 6*j - g. Give q(j).
-2
Let y(x) = x**3 - 5*x**2 + x + 1. Suppose -15 = -7*a + 4*a. Determine y(a).
6
Let w(s) = s**2 - 10*s + 17. Let j be w(8). Let x(k) be the third derivative of 0*k + 0 + 1/24*k**4 + 2*k**2 - 1/6*k**3 - 3/20*k**5. What is x(j)?
-9
Let w(k) = -1 - 3*k + 3*k**3 - 76*k**2 - 2*k**3 + 78*k**2. Give w(-4).
-21
Let a(g) = -37*g - 39*g - 2 + 81*g. Give a(2).
8
Let t be (6/10)/((-3)/(-15)). Suppose t*l = 4*l + 1. Let n(g) = -8*g - 1. What is n(l)?
7
Let v(u) = -u**2 + u - 1. Let a(x) = 7*x**2 - 9*x + 3. Let c(k) = -a(k) - 6*v(k). Calculate c(3).
3
Let r(h) = -h**2 - 9*h - 1. Let z(p) = -8*p - 1. Let x be z(1). What is r(x)?
-1
Let c(i) = 2*i + 28. Let d be c(-15). Let n(b) = -b + 1. Calculate n(d).
3
Let c(w) = -4*w**2 - 2*w + 1. Let y be (-5)/(-15)*(-6)/(-2). Determine c(y).
-5
Let c be (2 + 0)/(2/(-7)). Let v = -4 - c. Let z(u) = v*u**2 + u**3 - 2*u + 1 - u - u**2. Give z(-3).
1
Let c(x) = x**2 + 6*x + 4. Suppose -27 = 5*q - 2*d, -q - 3*q - 3*d = 40. Calculate c(q).
11
Let r = 27 - 23. Let f(j) = -j**3 + 4*j**2 + j + 1. Give f(r).
5
Let p(w) be the second derivative of w**4/12 - 5*w**3/6 + w**2 - 4*w. Suppose 5*l = 4*o - 0*o - 44, 5*o - 22 = -2*l. Determine p(o).
8
Let d(a) = 0*a + 3*a - 2*a + 2. Let g = 20 + -21. Let l be 0/((4 + -5)*g). Give d(l).
2
Suppose 0 = 4*k - 5*k. Let l(n) = -2 - 3 + n - 2. Give l(k).
-7
Suppose -4*c - 4 + 4 = 0. Let g(p) be the second derivative of p**3/6 - 4*p**2 + p. Calculate g(c).
-8
Let b = -34 + 38. Let p(t) be the first derivative of 0*t - 2*t**3 - 1/2*t**2 + b. Give p(-1).
-5
Suppose -2*l + 5*l - 30 = 0. Suppose 0 = 2*j + w - 13, 2*w - 4*w = -2*j + l. Let k be 14/3 - j/(-18). Let z(o) = o**3 - 4*o**2 - 3*o - 2. Determine z(k).
8
Let y(d) be the first derivative of -d**3/3 - 7*d**2/2 + 7*d - 14. Determine y(-7).
7
Let m(c) be the first derivative of 9*c**2/2 - c - 9. Calculate m(2).
17
Let q(l) = -l**3 + 3*l**2 + 4*l - 4. Suppose 0 = -5*j + 5*b + 25, -5*j + 3*b - 5 = -7*j. What is q(j)?
-4
Let a(o) = o**3 - 6*o**2 - o + 4. Suppose 2*p = p - 4. Let n be p/(-18) - 52/(-9). Calculate a(n).
-2
Suppose -z - 3 + 1 = -l, -5*z = -15. Let y(p) be the third derivative of -p**6/120 + p**5/15 + 5*p**4/24 - p**3 + p**2. Determine y(l).
-6
Let u be (-48)/(-9)*6/4. Let j = -4 + u. Let a(t) = -j*t**2 + t + 3*t**2 + 2 + 0. Calculate a(0).
2
Let v = 4 - 1. Suppose -v*w + 12 = 0, -k + 3*k + 4 = 2*w. Let x(c) = k*c + 5 - 1 - 1 - 2. What is x(1)?
3
Let q(h) be the second derivative of -h**8/6720 + h**7/630 + h**6/144 + 2*h**4/3 + 8*h. Let g(y) be the third derivative of q(y). What is g(5)?
0
Suppose 3*u - x - 27 = -2*x, 0 = -2*u + 4*x + 18. Let q(z) = -z**2 + 8*z + 6. Calculate q(u).
-3
Let t(h) be the third derivative of -h**6/120 - h**5/30 + h**4/8 - 2*h**2. Let i(w) = -4*w**2 - w. Let f be i(-1). Calculate t(f).
0
Let m(u) = 6*u + 2. Suppose 0 = -4*r - 4*t - 6 + 2, -3*t - 19 = -5*r. Give m(r).
14
Suppose 0*o = 3*o - 12. Let d(f) = -4 + f**2 + 1 + o - 2*f. Calculate d(1).
0
Let m(q) = -q**3 + q**2 - 2. Suppose -5*s + 20 = -l, -2*s - 5 = -5*l + 2*s. Suppose 1 = l*r - 9. Give m(r).
-6
Let j(v) = -v**3 + 4*v**2 - 5*v - 1. Let p(m) = -3*m**3 + 13*m**2 - 15*m - 3. Let y(w) = -8*j(w) + 3*p(w). What is y(6)?
5
Let b(i) = -5*i + 6. Let m(j) = 2*j - 3. Suppose 3*c - 6 = 21. Let s(r) = c*m(r) + 4*b(r). Let h be ((-16)/10 + 2)*-5. What is s(h)?
1
Let b be 3*(6/(-72) - 2/8). Let w(i) be the third derivative of i**5/5 + i**3/6 + i**2. Determine w(b).
13
Let t(m) = 2*m. Let d be t(1). Suppose 4*g = 4*z - 8, 0*g - d*z = -3*g - 3. Let h(f) = 3*f - f - f. Give h(g).
1
Let k(i) = i**2 - 6*i + 9. Let h(p) = -1. Let g(b) = -2*h(b) - k(b). Give g(5).
-2
Let v(d) = d**2 + 5*d - 13. Let w be v(-6). Let y(z) = -z**2 - 6*z + 7. What is y(w)?
0
Let n(i) = -i**3 - 6*i**2 - 4*i + 4. Suppose -5*g = -0*r + 3*r + 64, 3*r = -4*g - 53. Let w = g + 6. What is n(w)?
-1
Let b(a) = a**3 + a + 1. Let d(n) = -n + 0*n**2 + 6*n**2 - 9 - 4*n**3 - 10*n - n**2. Let s(i) = -5*b(i) - d(i). What is s(-6)?
4
Suppose -3*u - 10 = -5*u. Let a(y) = 2*y - 2. Let m be a(2). Let d = u - m. Let o(h) = -2*h. Give o(d).
-6
Suppose 9 = 2*z - m, 22 = -2*z + 3*z - 4*m. Let x(n) = -n + z*n**3 - 2*n**2 - 3*n**3 + 4 - 3. Suppose 5*f - 5*y + 5 = 0, 8*f - 4*y + 6 = 3*f. What is x(f)?
3
Let u(n) be the second derivative of -2*n + 0 + n**2 - 1/2*n**3. Determine u(2).
-4
Let x(h) = h**3 - 5*h**2 - 6*h + 6. Let f be x(6). Suppose -2*l + 15 = 3*l. Suppose -3*c - 2*p + 12 = -p, l*c - 5*p = -f. Let q(t) = t + 3. Determine q(c).
6
Let c(p) be the first derivative of -p**3/3 + p**2/2 - 2*p - 4. Give c(0).
-2
Suppose 3*n + n - 28 = 5*o, -12 = 4*n + 5*o. Let k(v) = v**3 - 2*v**2 - v - 1. Determine k(n).
-3
Let d(f) = 2*f + 42. Let i be d(-21). Let x(b) be the third derivative of 0*b + 1/120*b**6 - 2/3*b**3 - 1/30*b**5 + 0 - b